12. What is n(2)?
692
Let g(k) = 2323*k + 257858. Determine g(-111).
5
Let s(b) = -11*b**2 - 965*b + 386. What is s(-88)?
122
Let l(z) = -655*z**2 + 91047*z - 278. What is l(139)?
0
Let v(f) = -1245*f**2 + 6124*f + 517. Determine v(5).
12
Let b(w) = 2115*w + 57149. Determine b(-27).
44
Let u(j) = j**3 - 149*j**2 - 332*j + 360. Determine u(-3).
-12
Let u(p) = -216446*p - 3679582. Give u(-17).
0
Let p(s) = -13*s**2 - 6378*s - 44713. Determine p(-7).
-704
Let w(o) = -4076*o + 89670. Determine w(22).
-2
Let u(a) = a**3 - 48*a**2 + 32*a + 502. Calculate u(47).
-203
Let m(k) = k**3 + 22*k**2 + 15*k + 1105. Determine m(-23).
231
Let m(q) = -46*q**2 - 54*q - 6. What is m(2)?
-298
Let s(f) = 760791*f + 6086328. Determine s(-8).
0
Let l(g) = 2382*g + 7220. Determine l(-3).
74
Let v(f) = -14762*f + 147522. Determine v(10).
-98
Let d(h) = -40576*h**2 - 162344*h - 129. Determine d(-4).
31
Let w(s) = -12811*s - 76556. Give w(-6).
310
Let w(b) = 13130*b - 1798825. Determine w(137).
-15
Let j(b) = 34*b**2 + 4358*b - 3604. Determine j(-129).
8
Let o(c) = -2*c**2 + 15*c + 243. What is o(-8)?
-5
Let i(n) = -56*n - 2631. Calculate i(-22).
-1399
Let w(j) = j**3 - 102*j**2 - 120*j + 1631. Give w(103).
-120
Let t(l) = -3*l**2 + 150*l + 2685. What is t(-13)?
228
Let w(x) = -x**2 + 2476*x - 7432. What is w(3)?
-13
Let j(y) = y**3 + 457*y**2 - 11034*y + 2378. Give j(-480).
-502
Let r(l) = -l**2 + 311*l - 16694. Determine r(242).
4
Let v(b) = -8*b**2 - 2518*b + 22538. Give v(9).
-772
Let q(v) = -14*v**3 - 190*v**2 + 118*v + 2895. Determine q(-13).
9
Let l(p) = 18*p**2 + 150*p - 493. Give l(-15).
1307
Let x(k) = -9*k**3 - 1906*k**2 + 454*k + 6355. Calculate x(-212).
-5
Let a(p) = p**3 - 35*p**2 + 232*p + 370. Determine a(11).
18
Let z(w) = -4*w**3 + 2180*w - 1471. Determine z(23).
1
Let z(a) = -a**3 - 20*a**2 + 37*a + 28. Calculate z(-21).
-308
Let u(c) = -2*c**2 - 424*c + 24336. Give u(47).
-10
Let j(x) = -1762*x**2 + 43859*x + 4772. Calculate j(25).
-3
Let u(p) = 32493*p - 162473. What is u(5)?
-8
Let n(p) = p**3 + 10*p**2 - 50*p - 262. Calculate n(-17).
-1435
Let j(g) = -2*g**3 - 59*g**2 - 38*g - 1125. Determine j(-31).
2936
Let r(d) = 3*d**3 + 52*d**2 + 115*d - 323. Give r(-14).
27
Let h(m) = m**2 - 218*m + 11526. Calculate h(90).
6
Let k(f) = -1001*f + 459439. Determine k(459).
-20
Let g(z) = -2*z**2 + 434*z + 284566. Give g(-284).
-2
Let i(l) = 2*l**3 - 8*l**2 - 32*l + 117. Calculate i(6).
69
Let i(f) = 118*f + 1878. Give i(-16).
-10
Let l(z) = z**3 - 112*z**2 + 3053*z + 93. Calculate l(65).
-37
Let l(y) = -5*y**3 + 38*y**2 + 92*y - 643. Give l(7).
148
Let c(p) = 1108*p + 468687. What is c(-423)?
3
Let y(r) = -368*r + 1720. Determine y(4).
248
Let t(z) = 3046*z**2 + 9386*z + 728. What is t(-3)?
-16
Let r(t) = -7278*t - 36388. What is r(-5)?
2
Let a(t) = 2*t**3 + 52*t**2 - 87*t - 2264. Give a(-26).
-2
Let c(u) = -241*u - 3007. Calculate c(-3).
-2284
Let r(i) = -90001*i - 720015. Determine r(-8).
-7
Let c(b) = -2190*b**2 - 4*b + 15. What is c(0)?
15
Let q(t) = 14*t**3 + t**2 - 127*t + 249. Give q(2).
111
Let s(d) = 35*d**2 - 524*d - 667. Calculate s(16).
-91
Let j(a) = -a**2 - 1291*a - 16663. Calculate j(-13).
-49
Let a(c) = 129656*c + 648268. Determine a(-5).
-12
Let u(b) = 2*b**3 - 109*b**2 - 2085*b + 8. Determine u(-15).
8
Let u(g) = -g**3 - 12*g**2 + 208*g + 1959. Determine u(-9).
-156
Let y(r) = 17*r**2 - 1528*r - 1746. Determine y(91).
-17
Let l(p) = p**3 + 15*p**2 + 12*p - 132. What is l(-17)?
-914
Let j(f) = -7*f**3 - 1309*f**2 - 58. Determine j(-187).
-58
Let f(m) = -6*m**2 - 12181*m + 147033. What is f(12)?
-3
Let n(d) = 2*d**3 + 154*d**2 - 171*d - 457. Calculate n(-78).
713
Let l(s) = -s**3 - 34*s**2 + 1556*s - 5526. What is l(-61)?
25
Let i(p) = -7*p**3 - 36*p**2 + 10*p + 8. Calculate i(-5).
-67
Let y(q) = 1317*q - 42128. What is y(32)?
16
Let o(t) = 1867*t - 5608. What is o(3)?
-7
Let l(z) = 257150*z - 257149. Determine l(1).
1
Let h(o) = 2*o**3 + 69*o**2 + 611*o + 1347. Calculate h(-22).
5
Let w(q) = 58*q - 1125. Determine w(-3).
-1299
Let v(d) = 3*d**3 - 458*d**2 - 148*d - 751. What is v(153)?
14
Let p(c) = -61*c**3 - 14643*c**2 - 725*c - 1208. Give p(-240).
-8
Let b(z) = 3525*z - 88326. Determine b(25).
-201
Let j(r) = -35*r**3 + 2975*r**2 - 21*r. Calculate j(85).
-1785
Let m(j) = 3*j**2 + 3066*j - 27623. What is m(9)?
214
Let u(r) = -33887*r + 11318259. What is u(334)?
1
Let w(t) = -65*t**3 + 184*t**2 - 191*t + 7. Give w(1).
-65
Let v(t) = -29*t**2 + 4391*t - 10424. Give v(149).
6
Let u(f) = -30104*f - 30473. Determine u(-1).
-369
Let x(r) = 3*r**3 - 103*r**2 - 6*r + 84. Calculate x(34).
-1276
Let g(m) = 848*m + 71281. Calculate g(-84).
49
Let i(u) = 2*u**3 + 17*u**2 + 1195*u + 10714. Determine i(-9).
-122
Let c(m) = 289*m + 2328. Give c(-7).
305
Let j(t) = 2014*t - 18198. Give j(10).
1942
Let i(z) = -z**3 - 16*z**2 - 40*z + 49. Calculate i(-15).
424
Let v(a) = -18418*a - 1307679. Calculate v(-71).
-1
Let w(j) = -26*j**2 - 169*j - 386. What is w(-5)?
-191
Let h(d) = -52777*d + 1319429. Give h(25).
4
Let q(w) = -371*w - 41470. Give q(-112).
82
Let o(w) = -121*w**2 - 52*w - 213. What is o(-4)?
-1941
Let h(s) = 2*s**2 - 5287*s - 31772. Determine h(-6).
22
Let s(y) = 1548*y - 7839. Determine s(5).
-99
Let h(m) = -m**2 - 13*m - 56. Calculate h(-18).
-146
Let k(w) = 3038*w + 227723. Give k(-75).
-127
Let v(y) = -176*y**3 + 351*y**2 - 114*y + 229. What is v(2)?
-3
Let f(x) = 3603*x - 151334. Calculate f(42).
-8
Let t(p) = 3*p**3 + 585*p**2 - 11565*p + 1141. Give t(18).
7
Let w(t) = 38379*t + 1343245. What is w(-35)?
-20
Let n(y) = 3983*y - 18753. Calculate n(5).
1162
Let u(h) = -3468*h + 117917. What is u(34)?
5
Let k(c) = 14642*c - 805294. Calculate k(55).
16
Let t(q) = -3*q**3 + 55*q**2 - 256*q + 227. Determine t(11).
73
Let z(n) = -2329*n**3 - 16282*n**2 + 153*n + 36. Calculate z(-7).
-6
Let h(r) = 23899*r - 525793. Give h(22).
-15
Let j(l) = 11*l**2 + 137*l - 352. Determine j(4).
372
Let m(q) = 1319*q + 17. Give m(0).
17
Let d(w) = w**3 - 185*w**2 + 5295*w - 979591. Give d(185).
-16
Let q(u) = -155*u + 4697. Calculate q(25).
822
Let f(k) = 31*k - 570. Determine f(6).
-384
Let f(c) = 4332*c - 558897. Determine f(129).
-69
Let o(a) = 30*a**2 + 3339*a + 73622. Calculate o(-81).
-7
Let b(w) = -149*w**2 - 983*w + 380. What is b(-7)?
-40
Let i(v) = -2479*v + 989128. Give i(399).
7
Let j(b) = 189616*b + 1896147. Determine j(-10).
-13
Let a(r) = -7*r**3 + 74*r**2 - 148*r - 67. What is a(8)?
-99
Let y(h) = -38*h**2 - 1766*h - 824. Determine y(-46).
4
Let d(c) = -826*c - 16044. Determine d(-16).
-2828
Let l(h) = 8*h**2 + 86*h - 2695. Give l(-25).
155
Let q(i) = 375962*i + 1127853. Determine q(-3).
-33
Let s(a) = a**3 + 493*a**2 + 44514*a + 2994. Give s(-374).
2
Let u(r) = -71*r**2 - 10088*r + 9286. Calculate u(-143).
-9
Let p(a) = -74*a**3 - 3*a**2 - 56*a - 106. Give p(-2).
586
Let b(m) = 4*m**3 + 61*m**2 - 66*m - 38. Give b(-17).
-939
Let x(u) = 11*u**2 - 152*u + 400. What is x(8)?
-112
Let c(x) = x**3 - 9*x**2 - 1796*x + 10863. What is c(6)?
-21
Let q(d) = -2132*d + 432872. Determine q(203).
76
Let p(t) = -11*t**2 + 1967*t - 16812. Calculate p(9).
0
Let g(s) = -5795*s + 35228. Give g(6).
458
Let m(w) = 1293*w + 78829. Calculate m(-61).
-44
Let l(y) = -628*y - 8106. Give l(-13).
58
Let k(c) = c**3 - 53*c**2 + 640*c - 329. Calculate k(35).
21
Let n(h) = -1215*h + 81957. Give n(68).
-663
Let b(p) = 457*p**2 + 134*p + 26. What is b(-2)?
1586
Let d(i) = 17*i**3 - 397*i**2 + 137*i + 26. Determine d(23).
3
Let i(l) = 4*l**3 + 248*l**2 + 2457*l + 677. Give i(-12).
-7
Let m(n) = -48*n + 2406. Give m(31).
918
Let u(s) = -2*s**2 + 478*s - 25641. Determine u(81).
-45
Let z(t) = 22*t**3 + 779*t**2 + 6889*t + 73. Calculate z(-17).
5
Let z(o) = -44*o**2 + 6325*o + 1582. Give z(144).
-2
Let q(f) = 477*f**2 + 217988*f - 472. Give q(-457).
-15
Let u(x) = 1466*x**2 - 397286*x - 9. Determine u(271).
-9
Let t(k) = 320*k - 51818. What is t(162)?
22
Let z(b) = -b**3 + 304*b**2 - 286*b - 5079. What is z(303)?
72
Let n(c) = c**3 - 66*c**2 - 7*c + 4590. Calculate n(65).
-90
Let f(h) = -136*h**2 - 1312*h + 59. Calculate f(-10).
-421
Let z(f) = f**2 + 20022*f - 481100. Calculate z(24).
4
Let l(t) = -79*t - 11373. Give l(-145).
82
Let i(v) = 3*v**2 + 81361*v - 162720. Give i(2).
14
Le